{"id":47,"date":"2023-01-24T11:57:00","date_gmt":"2023-01-24T10:57:00","guid":{"rendered":"https:\/\/newwayacademy.fr\/?page_id=47"},"modified":"2023-01-24T11:57:00","modified_gmt":"2023-01-24T10:57:00","slug":"contacts","status":"publish","type":"page","link":"https:\/\/newwayacademy.fr\/index.php\/contacts\/","title":{"rendered":"Contacts"},"content":{"rendered":"\n<p>Situ\u00e9 dans le sud de la france proche d&#8217;Ales au 199 chemin du signal \u00e0 Saint Hilaire de Brethmas, 30560 dans le d\u00e9partement du Gard votre formation se deroulera entre le parc national des C\u00e9vennes et les grandes \u00e9tendues Camarguaises <\/p>\n\n\n\n<p>Contacter Francois Guyot <\/p>\n\n\n\n<p>au 0662771247<\/p>\n\n\n\n<p> newwayacademy30@gmail.com<\/p>\n","protected":false},"excerpt":{"rendered":"<p>Situ\u00e9 dans le sud de la france proche d&#8217;Ales au 199 chemin du signal \u00e0 Saint Hilaire de Brethmas, 30560 dans le d\u00e9partement du Gard votre formation se deroulera entre le parc national des C\u00e9vennes et les grandes \u00e9tendues Camarguaises Contacter Francois Guyot au 0662771247 newwayacademy30@gmail.com<\/p>\n","protected":false},"author":1,"featured_media":48,"parent":0,"menu_order":0,"comment_status":"closed","ping_status":"closed","template":"","meta":{"footnotes":""},"class_list":["post-47","page","type-page","status-publish","has-post-thumbnail","hentry","entry"],"_links":{"self":[{"href":"https:\/\/newwayacademy.fr\/index.php\/wp-json\/wp\/v2\/pages\/47","targetHints":{"allow":["GET"]}}],"collection":[{"href":"https:\/\/newwayacademy.fr\/index.php\/wp-json\/wp\/v2\/pages"}],"about":[{"href":"https:\/\/newwayacademy.fr\/index.php\/wp-json\/wp\/v2\/types\/page"}],"author":[{"embeddable":true,"href":"https:\/\/newwayacademy.fr\/index.php\/wp-json\/wp\/v2\/users\/1"}],"replies":[{"embeddable":true,"href":"https:\/\/newwayacademy.fr\/index.php\/wp-json\/wp\/v2\/comments?post=47"}],"version-history":[{"count":1,"href":"https:\/\/newwayacademy.fr\/index.php\/wp-json\/wp\/v2\/pages\/47\/revisions"}],"predecessor-version":[{"id":49,"href":"https:\/\/newwayacademy.fr\/index.php\/wp-json\/wp\/v2\/pages\/47\/revisions\/49"}],"wp:featuredmedia":[{"embeddable":true,"href":"https:\/\/newwayacademy.fr\/index.php\/wp-json\/wp\/v2\/media\/48"}],"wp:attachment":[{"href":"https:\/\/newwayacademy.fr\/index.php\/wp-json\/wp\/v2\/media?parent=47"}],"curies":[{"name":"wp","href":"https:\/\/api.w.org\/{rel}","templated":true}]}}